 is the tens digit of l(-8)?
4
Suppose -18 = -0*n - n. What is the units digit of 4/n - (-424)/36?
2
Let p(h) = h**2 + 9*h - 1. What is the tens digit of p(-12)?
3
Let z be ((-25)/(-10))/(2/4). Suppose -z*r + 12 = -33. What is the units digit of r?
9
Let f(t) = 2*t - 6. Let r(j) = -j**2 + 4*j - 1. Let i be r(5). Let k = 0 - i. What is the units digit of f(k)?
6
Let b(l) be the first derivative of l**4/24 + l**3/3 + l**2/2 - 2. Let i(k) be the second derivative of b(k). What is the units digit of i(-1)?
1
Suppose 3*z + 21 = 96. What is the units digit of (-42)/(-5) - 10/z?
8
Let s be (-1)/(84/(-81) + 1). Suppose 4*x - 3*d - 2*d = s, -d = 4*x - 9. What is the units digit of x?
3
Let b(x) = x + 5. Let r be b(-3). Suppose -w + r*m = -2*w + 5, 2*w = m + 5. What is the units digit of w?
3
Let i(f) = 22*f - 20. What is the tens digit of i(7)?
3
Let u = -12 - 0. Let m be 6/2*40/u. What is the units digit of 2/4 - 15/m?
2
Let f be ((-8)/6)/(8/(-12)). Suppose -3*d = -0*d + f*h - 42, 0 = 5*d - 2*h - 86. What is the tens digit of d?
1
Let m(a) = -5*a**2 - 30*a - 17. Let w(u) = -3*u**2 - 20*u - 11. Let i(b) = 5*m(b) - 8*w(b). What is the units digit of i(10)?
3
Let g = -6 - -8. Let y(a) = 0 - 1 + 3*a**2 + 4*a - 4*a**2. What is the units digit of y(g)?
3
Let s(m) = -m - 4. Let j be s(-6). Let y be (1/j)/(3/12). Suppose -p + y*o = o - 11, -2*p + 4*o = -16. What is the tens digit of p?
1
Let d = -18 + 46. What is the tens digit of d?
2
Let r(w) = -w**2 - w + 2. Let i be r(-2). Suppose i = 6*o - 3*o - 6. Suppose x - 38 = -5*z - 0*x, 3*x = z + o. What is the units digit of z?
7
Let y = -8 - -1. Let n = 10 + y. Suppose -4*w = d - 12, 0 = d + n*d. What is the units digit of w?
3
Suppose -5*l - 5*k + 175 = 0, 0 = 2*k - 6. What is the tens digit of l?
3
Let h(d) = -7*d**2 + d + 7. Let z(m) = -13*m**2 + m + 13. Let y(b) = -11*h(b) + 6*z(b). Let k = 35 - 39. What is the units digit of y(k)?
5
Suppose -3*j + 4 = j. Let p(c) = c**2 - c + 1. Let d be p(j). Suppose w = -d + 17. What is the tens digit of w?
1
Suppose 287 = -3*a - d + 3*d, 3*a + 322 = -5*d. Let g = -71 - a. What is the tens digit of g?
2
Let p = 5 + -1. Suppose 0 = -0*a - p*a + 12. Suppose 0 = -a*k + k + 14. What is the units digit of k?
7
Let y = -15 - -27. What is the tens digit of y?
1
Let o = 0 - -3. Let v = -7 - -31. Suppose -u - o*u + v = 0. What is the units digit of u?
6
Suppose -7*y + 1834 = -0*y. What is the hundreds digit of y?
2
Suppose 5*i = 4*p - 3*p - 8, i + 7 = 2*p. Suppose 0*b = -p*b + 3. What is the units digit of b?
1
Let d(s) = -s + 4. Let u be d(2). Let b = u + 2. Suppose -2*g = -b*n + 2*g + 48, -g = -3*n + 30. What is the units digit of n?
9
Let m(d) = -d**2 + 10*d - 2. What is the tens digit of m(7)?
1
Let l(p) = p**2 - 2*p - 3. Let i be l(-5). Let w = i + -7. What is the units digit of w?
5
Let s be 2/(-1) + 0/(-1). Let p = 7 + s. What is the units digit of p?
5
Suppose -5*r + 135 = -2*p, -4*r + 2*r + p + 55 = 0. What is the tens digit of r?
2
Let p(n) = 2*n**2 - 5*n + 4. Let r(u) be the first derivative of u**2/2 + 4*u - 3. Let m be r(0). What is the tens digit of p(m)?
1
What is the tens digit of 860/10 + 3*(-8)/(-6)?
9
Let k = -65 + 119. What is the units digit of k?
4
Let o(h) = -2*h**3 - 7*h**2 - 7*h - 3. What is the units digit of o(-5)?
7
Suppose 0*d - 2*a = 4*d + 100, 4*d - a = -106. Let x = -12 - d. Let h = x - 9. What is the units digit of h?
5
Suppose 2*f - 4*i + 7 = -i, -f = -5*i + 21. Suppose -6 = -2*d, -d - 3*d - 84 = -f*u. What is the units digit of u?
4
Let m(k) = 4*k + 16. What is the units digit of m(11)?
0
Let g(n) = n**3 + 7*n**2 - 9*n + 2. What is the tens digit of g(-8)?
1
Let p(f) = -3*f. Let s be p(-4). Suppose -s = -5*b + 2*b. What is the units digit of b?
4
Let l = 13 + -11. Let v = l + 5. Let c = v - -11. What is the units digit of c?
8
Let j be 1/(33/15 + -2). Suppose 2*f + 2*d - 186 = -2*f, -129 = -3*f - j*d. Suppose 0 = -5*i + i + f. What is the tens digit of i?
1
Let a be ((-1)/(-2))/(20/40). Let s = a + 0. What is the units digit of s?
1
Let a = -5 + 1. Let h be 2 + -50*2/a. What is the units digit of (h*(-2)/(-3))/2?
9
Let t = 11 - 11. What is the units digit of 20 + t + -3 + 0?
7
Suppose y + 0*y = 37. What is the units digit of y?
7
Let m = 52 - 31. What is the units digit of m?
1
Suppose 10 = 4*p + 3*s - 4, -6 = -3*s. Suppose x - 1 = 2*x, -4*v = -4*x. Let i = p + v. What is the units digit of i?
1
What is the tens digit of -1*(-27 - -1) - 1?
2
What is the units digit of (0 + -3)*2/(-3)?
2
Let n = 7 + -5. Let r(f) = 2*f**n - 5 - f**2 + 1. What is the units digit of r(3)?
5
Let d(k) = k**3 + k**2 - 4*k + 3. Let j be d(2). Let b be (-8)/4 - 6/(-1). Suppose -b*o - j + 39 = 0. What is the units digit of o?
8
Let x(m) = -m**3 + 7*m**2 + 12*m - 5. What is the hundreds digit of x(6)?
1
Suppose -5 = -5*x + a - 0, 2*a = 0. Let t be x*3*3/9. What is the units digit of t/(1 + (-12)/15)?
5
Suppose 5*h = 20, -2*d + 67 + 81 = -3*h. Let p be (-4)/(-8) - 2/4. Suppose p*m = 5*m - d. What is the tens digit of m?
1
Let l(k) = -k**3 + 6*k**2 + 9*k - 2. Let i = 6 + 1. What is the units digit of l(i)?
2
Let c(v) = v + 12. Suppose -3*j = -1 - 11. Suppose -5*a = 41 + j. What is the units digit of c(a)?
3
Suppose 5*w = -a + 20, 2*a + 5*w = 3*w + 40. Let o = a - 7. What is the units digit of o/4 + 2/(-8)?
3
What is the units digit of ((-140)/16 - -4)/((-2)/56)?
3
Let c = -21 - -31. Let p(s) = c*s - 5 - 6*s - 2*s. What is the units digit of p(6)?
7
Let z = -152 - -232. Let o be (-7)/21 - z/(-6). Let j = 26 - o. What is the tens digit of j?
1
Let z be 1/4 - (-19)/4. Suppose -z*c + 19 = -a, a + a - 22 = -5*c. What is the tens digit of 14 - (a - (0 - 0))?
1
Let p(o) = o**3 - 10*o**2 + 8*o - 23. What is the units digit of p(10)?
7
Let y be (-6)/(-2) + (-7)/7. Suppose -y*m + 6 = -2*c, c + 6 = 3*m - 7. What is the units digit of c?
2
Let x(z) = z**3 + z**2 + 3. Let u be x(-3). Let w be (-5)/u - 2/6. Let m(c) = -c + 9. What is the units digit of m(w)?
9
Suppose -2*y = r + 4, -y = 3*r - 5*y - 28. Let j(l) = -l**3 + 4*l**2 + 2*l + 2. What is the units digit of j(r)?
0
Let h = 101 + -69. What is the units digit of h?
2
Let l(x) = -x**2 + 6*x + 2. Let c(j) = j**2 - 2*j - 2. Let z be c(-2). What is the units digit of l(z)?
2
Suppose 8*q - 340 = 12*q. Let p = -41 - q. What is the tens digit of p?
4
Suppose 5*c + 5 = -5. Let b(p) = -p**2 + p - 1. Let a be b(c). Let t = -5 - a. What is the units digit of t?
2
Suppose 2*n = -0*n - 5*s + 241, -4*n + 3*s + 443 = 0. What is the hundreds digit of n?
1
Let r = -28 - -30. What is the units digit of r?
2
Suppose -2*c = -2 - 4. Suppose -2*o = c*o - 60. What is the tens digit of o?
1
Let i(f) be the third derivative of 2*f**2 + 0*f + 0*f**3 + 1/24*f**4 + 0. What is the units digit of i(7)?
7
Suppose -4*i - k + 616 = 3*k, k - 312 = -2*i. What is the units digit of i?
8
Let o be (2 + -1)/(3/6). Suppose o*u - 184 = -2*u. What is the units digit of u?
6
Suppose 2*o = -2*o + 60. Suppose o = 5*k - 15. What is the units digit of k/(-4)*2/(-3)?
1
Suppose -2*q + 4 = -3*w + 13, 0 = -w - q + 3. Suppose w*z = 8*z. Suppose 5*h - 20 = -z*h. What is the units digit of h?
4
Suppose -i + 3*q + 7 = -3, -4*i = 3*q - 10. What is the units digit of i?
4
Let s = -17 + 33. What is the units digit of (s/12)/(2/3)?
2
Let u(l) = -l**3 + 8*l**2 - 2*l. What is the units digit of u(3)?
9
Let k(z) = -z + 11. Let i(j) = j**3 + 8*j**2 + 7*j + 3. Let c be i(-7). Suppose -4*y + 7*y + 2*m - 27 = 0, 0 = y - c*m - 9. What is the units digit of k(y)?
2
Let k(u) = -5*u + 11. What is the units digit of k(-6)?
1
Let b be -6*2/(-1 + 5). Let i be (-9)/(-18) + 9/(-2). Let p = b - i. What is the units digit of p?
1
Suppose 155 + 190 = 5*x. What is the tens digit of x?
6
Let x(f) = -10*f. Suppose 12 = 5*u - 2*u. Suppose -d - 3*d = u. What is the units digit of x(d)?
0
Let n(s) = -s**3 - 20*s**2 - 9*s + 17. What is the hundreds digit of n(-20)?
1
Suppose 0 = -4*c - 2*d + 10, -2*c - 16 = -5*d - 51. Let f = 7 - c. Suppose 0*m - m - f = 2*k, m - 4*k = 28. What is the units digit of m?
8
Let x(d) be the second derivative of d**3/6 + 4*d**2 + 13*d. Suppose 5*q = -3*p + 41, -2*p = -7*p - 3*q + 47. What is the units digit of x(p)?
5
Suppose n - 6 = 1. Let z be 4 + -1*(0 + 0). Let u = n - z. What is